{"id":99,"date":"2020-06-04T11:48:25","date_gmt":"2020-06-04T09:48:25","guid":{"rendered":"https:\/\/www.anjakoenig.com\/?page_id=99"},"modified":"2020-10-20T12:00:58","modified_gmt":"2020-10-20T10:00:58","slug":"startseite","status":"publish","type":"page","link":"https:\/\/www.anjakoenig.com\/","title":{"rendered":"Herzlich Willkommen"},"content":{"rendered":"\n<p>Als Coach begleite ich Sie auf Ihrem Weg und unterst\u00fctze Ihren Fortschritt durch Coaching. Sie voranzubringen und wachsen zu sehen, ist meine berufliche Erf\u00fcllung.&nbsp; Im Coaching arbeiten wir gemeinsam daran, dass Sie Ihre Ziele erreichen und dadurch im Berufsleben souver\u00e4ner, kompetenter und zufriedener werden.<\/p>\n\n\n<p style=\"text-align: center;\">Coaching<\/p>\n\n\n<div class=\"wp-block-columns is-layout-flex wp-container-core-columns-is-layout-9d6595d7 wp-block-columns-is-layout-flex\">\n<div class=\"wp-block-column is-layout-flow wp-block-column-is-layout-flow\">\n<p style=\"text-align: center;\">schafft Klarheit<\/p>\n<p><img loading=\"lazy\" decoding=\"async\" class=\"size-medium wp-image-126 aligncenter\" src=\"https:\/\/www.anjakoenig.com\/wp-content\/uploads\/2020\/06\/Fotoloft_Erfurt_100574454-300x200.jpg\" alt=\"\" width=\"300\" height=\"200\" srcset=\"https:\/\/www.anjakoenig.com\/wp-content\/uploads\/2020\/06\/Fotoloft_Erfurt_100574454-300x200.jpg 300w, https:\/\/www.anjakoenig.com\/wp-content\/uploads\/2020\/06\/Fotoloft_Erfurt_100574454-1024x683.jpg 1024w, https:\/\/www.anjakoenig.com\/wp-content\/uploads\/2020\/06\/Fotoloft_Erfurt_100574454-768x512.jpg 768w, https:\/\/www.anjakoenig.com\/wp-content\/uploads\/2020\/06\/Fotoloft_Erfurt_100574454-1536x1024.jpg 1536w, https:\/\/www.anjakoenig.com\/wp-content\/uploads\/2020\/06\/Fotoloft_Erfurt_100574454-2048x1365.jpg 2048w\" sizes=\"auto, (max-width: 300px) 100vw, 300px\" \/><\/p>\n\n\n\n<p><\/p>\n<\/div>\n\n\n\n<div class=\"wp-block-column is-layout-flow wp-block-column-is-layout-flow\">\n<p style=\"text-align: center;\">entfacht Potential<\/p>\n<p><img loading=\"lazy\" decoding=\"async\" class=\"size-medium wp-image-129 aligncenter\" src=\"https:\/\/www.anjakoenig.com\/wp-content\/uploads\/2020\/06\/Fotoloft_Erfurt_100574484-300x200.jpg\" alt=\"\" width=\"300\" height=\"200\" srcset=\"https:\/\/www.anjakoenig.com\/wp-content\/uploads\/2020\/06\/Fotoloft_Erfurt_100574484-300x200.jpg 300w, https:\/\/www.anjakoenig.com\/wp-content\/uploads\/2020\/06\/Fotoloft_Erfurt_100574484-1024x683.jpg 1024w, https:\/\/www.anjakoenig.com\/wp-content\/uploads\/2020\/06\/Fotoloft_Erfurt_100574484-768x512.jpg 768w, https:\/\/www.anjakoenig.com\/wp-content\/uploads\/2020\/06\/Fotoloft_Erfurt_100574484-1536x1024.jpg 1536w, https:\/\/www.anjakoenig.com\/wp-content\/uploads\/2020\/06\/Fotoloft_Erfurt_100574484-2048x1365.jpg 2048w\" sizes=\"auto, (max-width: 300px) 100vw, 300px\" \/><\/p>\n<\/div>\n\n\n\n<div class=\"wp-block-column is-layout-flow wp-block-column-is-layout-flow\">\n<p style=\"text-align: center;\">er\u00f6ffnet neue Blickwinkel<\/p>\n<p style=\"text-align: center;\"><img loading=\"lazy\" decoding=\"async\" class=\"alignnone size-medium wp-image-125\" src=\"https:\/\/www.anjakoenig.com\/wp-content\/uploads\/2020\/06\/Fotoloft_Erfurt_100574435-300x200.jpg\" alt=\"\" width=\"300\" height=\"200\" srcset=\"https:\/\/www.anjakoenig.com\/wp-content\/uploads\/2020\/06\/Fotoloft_Erfurt_100574435-300x200.jpg 300w, https:\/\/www.anjakoenig.com\/wp-content\/uploads\/2020\/06\/Fotoloft_Erfurt_100574435-1024x683.jpg 1024w, https:\/\/www.anjakoenig.com\/wp-content\/uploads\/2020\/06\/Fotoloft_Erfurt_100574435-768x512.jpg 768w, https:\/\/www.anjakoenig.com\/wp-content\/uploads\/2020\/06\/Fotoloft_Erfurt_100574435-1536x1024.jpg 1536w, https:\/\/www.anjakoenig.com\/wp-content\/uploads\/2020\/06\/Fotoloft_Erfurt_100574435-2048x1365.jpg 2048w\" sizes=\"auto, (max-width: 300px) 100vw, 300px\" \/><\/p>\n\n\n\n<p><\/p>\n<\/div>\n<\/div>\n\n\n\n<p>Informieren Sie sich gerne auf dieser Seite \u00fcber meinen Ansatz und meine Leistungen oder kontaktieren Sie mich direkt unter <a href=\"tel:004915115188422\">0151 151 88 422<\/a> oder unter <a href=\"mailto:info@anjakoenig.com\">info@anjakoenig.com<\/a>.&nbsp;<\/p>\n\n\n\n<p>Ich freue mich, von Ihnen zu h\u00f6ren.<\/p>\n\n\n\n<div class=\"wp-block-group is-layout-flow wp-block-group-is-layout-flow\"><div class=\"wp-block-group__inner-container\"><\/div><\/div>\n","protected":false},"excerpt":{"rendered":"<p>Als Coach begleite ich Sie auf Ihrem Weg und unterst\u00fctze Ihren Fortschritt durch Coaching. Sie voranzubringen und wachsen zu sehen, ist meine berufliche Erf\u00fcllung.&nbsp; Im Coaching arbeiten wir gemeinsam daran, dass Sie Ihre Ziele erreichen und dadurch im Berufsleben souver\u00e4ner, kompetenter und zufriedener werden. Coaching schafft Klarheit entfacht Potential er\u00f6ffnet neue Blickwinkel Informieren Sie sich &hellip; <\/p>\n<p class=\"link-more\"><a href=\"https:\/\/www.anjakoenig.com\/\" class=\"more-link\"><span class=\"screen-reader-text\">\u201eHerzlich Willkommen\u201c <\/span>weiterlesen<\/a><\/p>\n","protected":false},"author":1,"featured_media":0,"parent":0,"menu_order":0,"comment_status":"closed","ping_status":"closed","template":"","meta":{"footnotes":""},"class_list":["post-99","page","type-page","status-publish","hentry"],"yoast_head":"<!-- This site is optimized with the Yoast SEO plugin v27.3 - https:\/\/yoast.com\/product\/yoast-seo-wordpress\/ -->\n<title>Herzlich Willkommen - Anja K\u00f6nig Coaching<\/title>\n<meta name=\"description\" content=\"Als Coach begleite ich Sie auf Ihrem Weg und unterst\u00fctze Ihren Fortschritt durch Coaching. Sie voranzubringen und wachsen zu sehen, ist meine berufliche Erf\u00fcllung. Im Coaching arbeiten wir gemeinsam daran, dass Sie Ihre Ziele erreichen und dadurch im Berufsleben souver\u00e4ner, kompetenter und zufriedener werden.\" \/>\n<meta name=\"robots\" content=\"index, follow, max-snippet:-1, max-image-preview:large, max-video-preview:-1\" \/>\n<link rel=\"canonical\" href=\"https:\/\/www.anjakoenig.com\/\" \/>\n<meta property=\"og:locale\" content=\"de_DE\" \/>\n<meta property=\"og:type\" content=\"article\" \/>\n<meta property=\"og:title\" content=\"Herzlich Willkommen - Anja K\u00f6nig Coaching\" \/>\n<meta property=\"og:description\" content=\"Als Coach begleite ich Sie auf Ihrem Weg und unterst\u00fctze Ihren Fortschritt durch Coaching. Sie voranzubringen und wachsen zu sehen, ist meine berufliche Erf\u00fcllung. Im Coaching arbeiten wir gemeinsam daran, dass Sie Ihre Ziele erreichen und dadurch im Berufsleben souver\u00e4ner, kompetenter und zufriedener werden.\" \/>\n<meta property=\"og:url\" content=\"https:\/\/www.anjakoenig.com\/\" \/>\n<meta property=\"og:site_name\" content=\"Anja K\u00f6nig Coaching\" \/>\n<meta property=\"article:modified_time\" content=\"2020-10-20T10:00:58+00:00\" \/>\n<meta property=\"og:image\" content=\"https:\/\/www.anjakoenig.com\/wp-content\/uploads\/2020\/06\/Fotoloft_Erfurt_100574454-300x200.jpg\" \/>\n<meta name=\"twitter:card\" content=\"summary_large_image\" \/>\n<script type=\"application\/ld+json\" class=\"yoast-schema-graph\">{\"@context\":\"https:\\\/\\\/schema.org\",\"@graph\":[{\"@type\":\"WebPage\",\"@id\":\"https:\\\/\\\/www.anjakoenig.com\\\/\",\"url\":\"https:\\\/\\\/www.anjakoenig.com\\\/\",\"name\":\"Herzlich Willkommen - Anja K\u00f6nig Coaching\",\"isPartOf\":{\"@id\":\"https:\\\/\\\/www.anjakoenig.com\\\/#website\"},\"primaryImageOfPage\":{\"@id\":\"https:\\\/\\\/www.anjakoenig.com\\\/#primaryimage\"},\"image\":{\"@id\":\"https:\\\/\\\/www.anjakoenig.com\\\/#primaryimage\"},\"thumbnailUrl\":\"https:\\\/\\\/www.anjakoenig.com\\\/wp-content\\\/uploads\\\/2020\\\/06\\\/Fotoloft_Erfurt_100574454-300x200.jpg\",\"datePublished\":\"2020-06-04T09:48:25+00:00\",\"dateModified\":\"2020-10-20T10:00:58+00:00\",\"description\":\"Als Coach begleite ich Sie auf Ihrem Weg und unterst\u00fctze Ihren Fortschritt durch Coaching. Sie voranzubringen und wachsen zu sehen, ist meine berufliche Erf\u00fcllung. Im Coaching arbeiten wir gemeinsam daran, dass Sie Ihre Ziele erreichen und dadurch im Berufsleben souver\u00e4ner, kompetenter und zufriedener werden.\",\"breadcrumb\":{\"@id\":\"https:\\\/\\\/www.anjakoenig.com\\\/#breadcrumb\"},\"inLanguage\":\"de\",\"potentialAction\":[{\"@type\":\"ReadAction\",\"target\":[\"https:\\\/\\\/www.anjakoenig.com\\\/\"]}]},{\"@type\":\"ImageObject\",\"inLanguage\":\"de\",\"@id\":\"https:\\\/\\\/www.anjakoenig.com\\\/#primaryimage\",\"url\":\"https:\\\/\\\/www.anjakoenig.com\\\/wp-content\\\/uploads\\\/2020\\\/06\\\/Fotoloft_Erfurt_100574454-300x200.jpg\",\"contentUrl\":\"https:\\\/\\\/www.anjakoenig.com\\\/wp-content\\\/uploads\\\/2020\\\/06\\\/Fotoloft_Erfurt_100574454-300x200.jpg\"},{\"@type\":\"BreadcrumbList\",\"@id\":\"https:\\\/\\\/www.anjakoenig.com\\\/#breadcrumb\",\"itemListElement\":[{\"@type\":\"ListItem\",\"position\":1,\"name\":\"Home\",\"item\":\"https:\\\/\\\/www.anjakoenig.com\\\/\"},{\"@type\":\"ListItem\",\"position\":2,\"name\":\"Herzlich Willkommen\"}]},{\"@type\":\"WebSite\",\"@id\":\"https:\\\/\\\/www.anjakoenig.com\\\/#website\",\"url\":\"https:\\\/\\\/www.anjakoenig.com\\\/\",\"name\":\"Anja K\u00f6nig Coaching\",\"description\":\"Auf der Suche nach einem Coach?\",\"publisher\":{\"@id\":\"https:\\\/\\\/www.anjakoenig.com\\\/#organization\"},\"potentialAction\":[{\"@type\":\"SearchAction\",\"target\":{\"@type\":\"EntryPoint\",\"urlTemplate\":\"https:\\\/\\\/www.anjakoenig.com\\\/?s={search_term_string}\"},\"query-input\":{\"@type\":\"PropertyValueSpecification\",\"valueRequired\":true,\"valueName\":\"search_term_string\"}}],\"inLanguage\":\"de\"},{\"@type\":\"Organization\",\"@id\":\"https:\\\/\\\/www.anjakoenig.com\\\/#organization\",\"name\":\"Anja K\u00f6nig Coaching\",\"url\":\"https:\\\/\\\/www.anjakoenig.com\\\/\",\"logo\":{\"@type\":\"ImageObject\",\"inLanguage\":\"de\",\"@id\":\"https:\\\/\\\/www.anjakoenig.com\\\/#\\\/schema\\\/logo\\\/image\\\/\",\"url\":\"https:\\\/\\\/www.anjakoenig.com\\\/wp-content\\\/uploads\\\/2020\\\/06\\\/AK-Logo.jpg\",\"contentUrl\":\"https:\\\/\\\/www.anjakoenig.com\\\/wp-content\\\/uploads\\\/2020\\\/06\\\/AK-Logo.jpg\",\"width\":302,\"height\":295,\"caption\":\"Anja K\u00f6nig Coaching\"},\"image\":{\"@id\":\"https:\\\/\\\/www.anjakoenig.com\\\/#\\\/schema\\\/logo\\\/image\\\/\"}}]}<\/script>\n<!-- \/ Yoast SEO plugin. -->","yoast_head_json":{"title":"Herzlich Willkommen - Anja K\u00f6nig Coaching","description":"Als Coach begleite ich Sie auf Ihrem Weg und unterst\u00fctze Ihren Fortschritt durch Coaching. Sie voranzubringen und wachsen zu sehen, ist meine berufliche Erf\u00fcllung. Im Coaching arbeiten wir gemeinsam daran, dass Sie Ihre Ziele erreichen und dadurch im Berufsleben souver\u00e4ner, kompetenter und zufriedener werden.","robots":{"index":"index","follow":"follow","max-snippet":"max-snippet:-1","max-image-preview":"max-image-preview:large","max-video-preview":"max-video-preview:-1"},"canonical":"https:\/\/www.anjakoenig.com\/","og_locale":"de_DE","og_type":"article","og_title":"Herzlich Willkommen - Anja K\u00f6nig Coaching","og_description":"Als Coach begleite ich Sie auf Ihrem Weg und unterst\u00fctze Ihren Fortschritt durch Coaching. Sie voranzubringen und wachsen zu sehen, ist meine berufliche Erf\u00fcllung. Im Coaching arbeiten wir gemeinsam daran, dass Sie Ihre Ziele erreichen und dadurch im Berufsleben souver\u00e4ner, kompetenter und zufriedener werden.","og_url":"https:\/\/www.anjakoenig.com\/","og_site_name":"Anja K\u00f6nig Coaching","article_modified_time":"2020-10-20T10:00:58+00:00","og_image":[{"url":"https:\/\/www.anjakoenig.com\/wp-content\/uploads\/2020\/06\/Fotoloft_Erfurt_100574454-300x200.jpg","type":"","width":"","height":""}],"twitter_card":"summary_large_image","schema":{"@context":"https:\/\/schema.org","@graph":[{"@type":"WebPage","@id":"https:\/\/www.anjakoenig.com\/","url":"https:\/\/www.anjakoenig.com\/","name":"Herzlich Willkommen - Anja K\u00f6nig Coaching","isPartOf":{"@id":"https:\/\/www.anjakoenig.com\/#website"},"primaryImageOfPage":{"@id":"https:\/\/www.anjakoenig.com\/#primaryimage"},"image":{"@id":"https:\/\/www.anjakoenig.com\/#primaryimage"},"thumbnailUrl":"https:\/\/www.anjakoenig.com\/wp-content\/uploads\/2020\/06\/Fotoloft_Erfurt_100574454-300x200.jpg","datePublished":"2020-06-04T09:48:25+00:00","dateModified":"2020-10-20T10:00:58+00:00","description":"Als Coach begleite ich Sie auf Ihrem Weg und unterst\u00fctze Ihren Fortschritt durch Coaching. Sie voranzubringen und wachsen zu sehen, ist meine berufliche Erf\u00fcllung. Im Coaching arbeiten wir gemeinsam daran, dass Sie Ihre Ziele erreichen und dadurch im Berufsleben souver\u00e4ner, kompetenter und zufriedener werden.","breadcrumb":{"@id":"https:\/\/www.anjakoenig.com\/#breadcrumb"},"inLanguage":"de","potentialAction":[{"@type":"ReadAction","target":["https:\/\/www.anjakoenig.com\/"]}]},{"@type":"ImageObject","inLanguage":"de","@id":"https:\/\/www.anjakoenig.com\/#primaryimage","url":"https:\/\/www.anjakoenig.com\/wp-content\/uploads\/2020\/06\/Fotoloft_Erfurt_100574454-300x200.jpg","contentUrl":"https:\/\/www.anjakoenig.com\/wp-content\/uploads\/2020\/06\/Fotoloft_Erfurt_100574454-300x200.jpg"},{"@type":"BreadcrumbList","@id":"https:\/\/www.anjakoenig.com\/#breadcrumb","itemListElement":[{"@type":"ListItem","position":1,"name":"Home","item":"https:\/\/www.anjakoenig.com\/"},{"@type":"ListItem","position":2,"name":"Herzlich Willkommen"}]},{"@type":"WebSite","@id":"https:\/\/www.anjakoenig.com\/#website","url":"https:\/\/www.anjakoenig.com\/","name":"Anja K\u00f6nig Coaching","description":"Auf der Suche nach einem Coach?","publisher":{"@id":"https:\/\/www.anjakoenig.com\/#organization"},"potentialAction":[{"@type":"SearchAction","target":{"@type":"EntryPoint","urlTemplate":"https:\/\/www.anjakoenig.com\/?s={search_term_string}"},"query-input":{"@type":"PropertyValueSpecification","valueRequired":true,"valueName":"search_term_string"}}],"inLanguage":"de"},{"@type":"Organization","@id":"https:\/\/www.anjakoenig.com\/#organization","name":"Anja K\u00f6nig Coaching","url":"https:\/\/www.anjakoenig.com\/","logo":{"@type":"ImageObject","inLanguage":"de","@id":"https:\/\/www.anjakoenig.com\/#\/schema\/logo\/image\/","url":"https:\/\/www.anjakoenig.com\/wp-content\/uploads\/2020\/06\/AK-Logo.jpg","contentUrl":"https:\/\/www.anjakoenig.com\/wp-content\/uploads\/2020\/06\/AK-Logo.jpg","width":302,"height":295,"caption":"Anja K\u00f6nig Coaching"},"image":{"@id":"https:\/\/www.anjakoenig.com\/#\/schema\/logo\/image\/"}}]}},"_links":{"self":[{"href":"https:\/\/www.anjakoenig.com\/index.php?rest_route=\/wp\/v2\/pages\/99","targetHints":{"allow":["GET"]}}],"collection":[{"href":"https:\/\/www.anjakoenig.com\/index.php?rest_route=\/wp\/v2\/pages"}],"about":[{"href":"https:\/\/www.anjakoenig.com\/index.php?rest_route=\/wp\/v2\/types\/page"}],"author":[{"embeddable":true,"href":"https:\/\/www.anjakoenig.com\/index.php?rest_route=\/wp\/v2\/users\/1"}],"replies":[{"embeddable":true,"href":"https:\/\/www.anjakoenig.com\/index.php?rest_route=%2Fwp%2Fv2%2Fcomments&post=99"}],"version-history":[{"count":13,"href":"https:\/\/www.anjakoenig.com\/index.php?rest_route=\/wp\/v2\/pages\/99\/revisions"}],"predecessor-version":[{"id":182,"href":"https:\/\/www.anjakoenig.com\/index.php?rest_route=\/wp\/v2\/pages\/99\/revisions\/182"}],"wp:attachment":[{"href":"https:\/\/www.anjakoenig.com\/index.php?rest_route=%2Fwp%2Fv2%2Fmedia&parent=99"}],"curies":[{"name":"wp","href":"https:\/\/api.w.org\/{rel}","templated":true}]}}